{"id":574,"date":"2022-06-23T09:18:13","date_gmt":"2022-06-23T09:18:13","guid":{"rendered":"https:\/\/mniskanen.fi\/?page_id=574"},"modified":"2025-08-07T07:30:00","modified_gmt":"2025-08-07T07:30:00","slug":"tilausajot-ja-kalusto","status":"publish","type":"page","link":"https:\/\/www.mniskanen.fi\/?page_id=574","title":{"rendered":"Tilausajot ja kalusto"},"content":{"rendered":"\t\t<div data-elementor-type=\"wp-page\" data-elementor-id=\"574\" class=\"elementor elementor-574\">\n\t\t\t\t\t\t<section class=\"elementor-section elementor-top-section elementor-element elementor-element-5998282 elementor-section-boxed elementor-section-height-default elementor-section-height-default\" data-id=\"5998282\" data-element_type=\"section\" data-e-type=\"section\">\n\t\t\t\t\t\t<div class=\"elementor-container elementor-column-gap-default\">\n\t\t\t\t\t<div class=\"elementor-column elementor-col-66 elementor-top-column elementor-element elementor-element-ea8149a\" data-id=\"ea8149a\" data-element_type=\"column\" data-e-type=\"column\">\n\t\t\t<div class=\"elementor-widget-wrap elementor-element-populated\">\n\t\t\t\t\t\t<div class=\"elementor-element elementor-element-a653830 elementor-widget elementor-widget-text-editor\" data-id=\"a653830\" data-element_type=\"widget\" data-e-type=\"widget\" data-widget_type=\"text-editor.default\">\n\t\t\t\t<div class=\"elementor-widget-container\">\n\t\t\t\t\t\t\t\t\t<h2>Tilausajoja suoritamme tilaajan ja ryhm\u00e4n toiveiden mukaisesti.&nbsp;<\/h2>\n<p>Olipa m\u00e4\u00e4r\u00e4np\u00e4\u00e4nne kotimaassa, Pohjoismaissa tai muualla Euroopassa, niin voitte olla varma, ett\u00e4 p\u00e4\u00e4sette matkakohteeseenne turvallisesti perille ja takaisin.<\/p>\n<p>Kanssamme voitte sopia yksitt\u00e4isest\u00e4 matkasta yhdell\u00e4 tai useammalla bussilla. My\u00f6s pidempiaikaiset yhteisty\u00f6sopimukset hoituvat kanssamme luontevasti. Halutessanne voimme r\u00e4\u00e4t\u00e4l\u00f6id\u00e4 matkanne juuri haluamillanne palveluilla h\u00f6ystettyn\u00e4 kuten majoitukset, ruokailu, risteilyt yms. yhti\u00f6mme matkatoimisto MatkaSavosta.<\/p>\n<p>Kalustokaan ei pelk\u00e4st\u00e4\u00e4n tee matkastanne miellytt\u00e4v\u00e4\u00e4 ja turvallista. Palveluun kuuluu luonnollisena osana osaava ja &nbsp;yst\u00e4v\u00e4llinen asiakaspalvelu kuljettajan toimesta luotettavan ja viihtyis\u00e4n matkan aikaan saamiseksi.&nbsp;<br>Yrityksemme liikenn\u00f6i henkil\u00f6liikenneluvalla.&nbsp;<br><br><\/p>\n<h2>Kalusto&nbsp;<\/h2>\n<p>Tilausajo kalustomme on nykyaikainen. Kalustomme koostuu 8-66- paikkaisista nykyaikaisista ja hyvin varustelluista busseista. Kokonaiskalustonm\u00e4\u00e4r\u00e4mme on n. 60kpl jakaantuen noin 50\/50 isojen ja pienien autojen kanssa. Suurtenkin ryhmien yhteiskuljetukset ovat siis mahdollisia kauttamme.<\/p>\n<p>Kalustomme siisteyteen ja &nbsp;toimintavarmuuteen kiinnitet\u00e4\u00e4n erityist\u00e4 huomiota. Pid\u00e4mme kalustomme aina nykyaikaisena niin, ett\u00e4 saatte asiakkaana aina luotettavan matkan.&nbsp;<\/p>\n<p>Ilmastointi joka tekee matkan teosta viihtyis\u00e4n l\u00f6ytyy kaikista tilausbusseistamme. Matkustamon istuimet ovat varustettu monipuolisilla s\u00e4\u00e4d\u00f6ill\u00e4 viihtyisyyden &nbsp;takeeksi.&nbsp;<\/p>\n<p>Busseissa on vaihtoehtoisesti joko&nbsp; kahvin-\/ vedenkeitin tai minikeitti\u00f6 matkaev\u00e4it\u00e4 varten. J\u00e4\u00e4kaappi ja wc ovat mukana luonnollisesti. Videot tai dvd-laitteet mahdollistavat valitsemanne elokuvien esityksen matkalla. Mikrofoni ja cd- radiot l\u00f6ytyv\u00e4t kaikista busseista.<\/p>\t\t\t\t\t\t\t\t<\/div>\n\t\t\t\t<\/div>\n\t\t\t\t\t<\/div>\n\t\t<\/div>\n\t\t\t\t<div class=\"elementor-column elementor-col-33 elementor-top-column elementor-element elementor-element-ba80a8c\" data-id=\"ba80a8c\" data-element_type=\"column\" data-e-type=\"column\">\n\t\t\t<div class=\"elementor-widget-wrap elementor-element-populated\">\n\t\t\t\t\t\t<div class=\"elementor-element elementor-element-e50df7b elementor-widget elementor-widget-image\" data-id=\"e50df7b\" data-element_type=\"widget\" data-e-type=\"widget\" data-widget_type=\"image.default\">\n\t\t\t\t<div class=\"elementor-widget-container\">\n\t\t\t\t\t\t\t\t\t\t\t\t\t\t\t<img fetchpriority=\"high\" decoding=\"async\" width=\"720\" height=\"960\" src=\"https:\/\/www.mniskanen.fi\/wp-content\/uploads\/2024\/04\/kuva14.jpg\" class=\"attachment-large size-large wp-image-1480\" alt=\"\" srcset=\"https:\/\/www.mniskanen.fi\/wp-content\/uploads\/2024\/04\/kuva14.jpg 720w, https:\/\/www.mniskanen.fi\/wp-content\/uploads\/2024\/04\/kuva14-225x300.jpg 225w\" sizes=\"(max-width: 720px) 100vw, 720px\" \/>\t\t\t\t\t\t\t\t\t\t\t\t\t\t\t<\/div>\n\t\t\t\t<\/div>\n\t\t\t\t<div class=\"elementor-element elementor-element-29968f3 elementor-widget elementor-widget-image\" data-id=\"29968f3\" data-element_type=\"widget\" data-e-type=\"widget\" data-widget_type=\"image.default\">\n\t\t\t\t<div class=\"elementor-widget-container\">\n\t\t\t\t\t\t\t\t\t\t\t\t\t\t\t<img decoding=\"async\" width=\"768\" height=\"1024\" src=\"https:\/\/www.mniskanen.fi\/wp-content\/uploads\/2024\/04\/kuva2-768x1024.jpg\" class=\"attachment-large size-large wp-image-1468\" alt=\"\" srcset=\"https:\/\/www.mniskanen.fi\/wp-content\/uploads\/2024\/04\/kuva2-768x1024.jpg 768w, https:\/\/www.mniskanen.fi\/wp-content\/uploads\/2024\/04\/kuva2-225x300.jpg 225w, https:\/\/www.mniskanen.fi\/wp-content\/uploads\/2024\/04\/kuva2-1152x1536.jpg 1152w, https:\/\/www.mniskanen.fi\/wp-content\/uploads\/2024\/04\/kuva2.jpg 1200w\" sizes=\"(max-width: 768px) 100vw, 768px\" \/>\t\t\t\t\t\t\t\t\t\t\t\t\t\t\t<\/div>\n\t\t\t\t<\/div>\n\t\t\t\t<div class=\"elementor-element elementor-element-84de8d5 elementor-widget elementor-widget-image\" data-id=\"84de8d5\" data-element_type=\"widget\" data-e-type=\"widget\" data-widget_type=\"image.default\">\n\t\t\t\t<div class=\"elementor-widget-container\">\n\t\t\t\t\t\t\t\t\t\t\t\t\t\t\t<img decoding=\"async\" width=\"1024\" height=\"1024\" src=\"https:\/\/www.mniskanen.fi\/wp-content\/uploads\/2024\/04\/kuva3-1024x1024.jpg\" class=\"attachment-large size-large wp-image-1469\" alt=\"\" srcset=\"https:\/\/www.mniskanen.fi\/wp-content\/uploads\/2024\/04\/kuva3-1024x1024.jpg 1024w, https:\/\/www.mniskanen.fi\/wp-content\/uploads\/2024\/04\/kuva3-300x300.jpg 300w, https:\/\/www.mniskanen.fi\/wp-content\/uploads\/2024\/04\/kuva3-150x150.jpg 150w, https:\/\/www.mniskanen.fi\/wp-content\/uploads\/2024\/04\/kuva3-768x768.jpg 768w, https:\/\/www.mniskanen.fi\/wp-content\/uploads\/2024\/04\/kuva3-400x400.jpg 400w, https:\/\/www.mniskanen.fi\/wp-content\/uploads\/2024\/04\/kuva3.jpg 1229w\" sizes=\"(max-width: 1024px) 100vw, 1024px\" \/>\t\t\t\t\t\t\t\t\t\t\t\t\t\t\t<\/div>\n\t\t\t\t<\/div>\n\t\t\t\t\t<\/div>\n\t\t<\/div>\n\t\t\t\t\t<\/div>\n\t\t<\/section>\n\t\t\t\t<section class=\"elementor-section elementor-top-section elementor-element elementor-element-aa81085 elementor-section-boxed elementor-section-height-default elementor-section-height-default\" data-id=\"aa81085\" data-element_type=\"section\" data-e-type=\"section\">\n\t\t\t\t\t\t<div class=\"elementor-container elementor-column-gap-default\">\n\t\t\t\t\t<div class=\"elementor-column elementor-col-100 elementor-top-column elementor-element elementor-element-36edb07\" data-id=\"36edb07\" data-element_type=\"column\" data-e-type=\"column\">\n\t\t\t<div class=\"elementor-widget-wrap\">\n\t\t\t\t\t\t\t<\/div>\n\t\t<\/div>\n\t\t\t\t\t<\/div>\n\t\t<\/section>\n\t\t\t\t<\/div>\n\t\t","protected":false},"excerpt":{"rendered":"<p>Tilausajoja suoritamme tilaajan ja ryhm\u00e4n toiveiden mukaisesti.&nbsp; Olipa m\u00e4\u00e4r\u00e4np\u00e4\u00e4nne kotimaassa, Pohjoismaissa tai muualla Euroopassa, niin voitte olla varma, ett\u00e4 p\u00e4\u00e4sette matkakohteeseenne turvallisesti perille ja takaisin. Kanssamme voitte sopia yksitt\u00e4isest\u00e4 matkasta yhdell\u00e4 tai useammalla bussilla. My\u00f6s pidempiaikaiset yhteisty\u00f6sopimukset hoituvat kanssamme luontevasti. Halutessanne voimme r\u00e4\u00e4t\u00e4l\u00f6id\u00e4 matkanne juuri haluamillanne palveluilla h\u00f6ystettyn\u00e4 kuten majoitukset, ruokailu, risteilyt yms. yhti\u00f6mme matkatoimisto MatkaSavosta. Kalustokaan ei pelk\u00e4st\u00e4\u00e4n tee matkastanne miellytt\u00e4v\u00e4\u00e4 ja turvallista. Palveluun kuuluu luonnollisena osana osaava ja &nbsp;yst\u00e4v\u00e4llinen asiakaspalvelu kuljettajan toimesta luotettavan ja viihtyis\u00e4n matkan aikaan saamiseksi.&nbsp;Yrityksemme liikenn\u00f6i henkil\u00f6liikenneluvalla.&nbsp; Kalusto&nbsp; Tilausajo kalustomme on nykyaikainen. Kalustomme koostuu 8-66- paikkaisista nykyaikaisista ja hyvin varustelluista busseista. Kokonaiskalustonm\u00e4\u00e4r\u00e4mme on n. 60kpl&#8230; <\/p>\n","protected":false},"author":2,"featured_media":0,"parent":0,"menu_order":0,"comment_status":"closed","ping_status":"closed","template":"","meta":{"footnotes":""},"class_list":["post-574","page","type-page","status-publish","hentry"],"_links":{"self":[{"href":"https:\/\/www.mniskanen.fi\/index.php?rest_route=\/wp\/v2\/pages\/574","targetHints":{"allow":["GET"]}}],"collection":[{"href":"https:\/\/www.mniskanen.fi\/index.php?rest_route=\/wp\/v2\/pages"}],"about":[{"href":"https:\/\/www.mniskanen.fi\/index.php?rest_route=\/wp\/v2\/types\/page"}],"author":[{"embeddable":true,"href":"https:\/\/www.mniskanen.fi\/index.php?rest_route=\/wp\/v2\/users\/2"}],"replies":[{"embeddable":true,"href":"https:\/\/www.mniskanen.fi\/index.php?rest_route=%2Fwp%2Fv2%2Fcomments&post=574"}],"version-history":[{"count":30,"href":"https:\/\/www.mniskanen.fi\/index.php?rest_route=\/wp\/v2\/pages\/574\/revisions"}],"predecessor-version":[{"id":1831,"href":"https:\/\/www.mniskanen.fi\/index.php?rest_route=\/wp\/v2\/pages\/574\/revisions\/1831"}],"wp:attachment":[{"href":"https:\/\/www.mniskanen.fi\/index.php?rest_route=%2Fwp%2Fv2%2Fmedia&parent=574"}],"curies":[{"name":"wp","href":"https:\/\/api.w.org\/{rel}","templated":true}]}}