{"id":2,"date":"2020-08-21T12:24:04","date_gmt":"2020-08-21T12:24:04","guid":{"rendered":"https:\/\/mniskanen.fi\/?page_id=2"},"modified":"2024-08-05T09:44:13","modified_gmt":"2024-08-05T09:44:13","slug":"sample-page","status":"publish","type":"page","link":"https:\/\/www.mniskanen.fi\/?page_id=2","title":{"rendered":"Koulukuljetukset Iisalmi"},"content":{"rendered":"\r\n<h2><strong>Iisalmen kaupungin koulukuljetukset<br \/><\/strong><strong style=\"font-size: 16px;\">Keskustaajamakoulut<\/strong><\/h2>\r\n<p>Koulukuljetuksiin liittyv\u00e4t kysymykset sek\u00e4 palautteet pyyd\u00e4mme ensisijaisesti l\u00e4hett\u00e4m\u00e4\u00e4n alla olevan lomakkeen kautta. K\u00e4sittelemme kaikki palautteet muutaman arkip\u00e4iv\u00e4n kuluessa.\u00a0<br \/>Voitte olla my\u00f6s puhelimitse yhteydess\u00e4 koulukuljetuksiin liittyviss\u00e4 asioissa koulup\u00e4ivisin klo 10:00 &#8211; 14:00 numeroon 050 478 6111<br \/><br \/>Kiireellisiss\u00e4 asioissa olkaa yhteydess\u00e4 suoraan kouluautoon.\u00a0<br \/><br \/><strong>Puhelinnumerot kouluautoihin:<\/strong><br \/><strong>Kouluauto 1<\/strong> 044 022 5100<br \/><strong>Kouluauto 2<\/strong> 0400 225 181<br \/><strong>Kouluauto 3<\/strong> 0400 225 076<br \/><strong>Kouluauto 4<\/strong> 0400 225 071<br \/><strong>Kouluauto 5<\/strong> 040 560 7125<br \/><strong>Kouluauto 6<\/strong> 040 584 3723<br \/><strong>Kouluauto 7<\/strong> 0400 225 062<br \/><strong>Kouluauto 8<\/strong> 044 719 1674<\/p>\r\n<p>\r\n\r\n<\/p>\r\n\n<div class=\"wpcf7 no-js\" id=\"wpcf7-f1644-o1\" lang=\"fi\" dir=\"ltr\" data-wpcf7-id=\"1644\">\n<div class=\"screen-reader-response\"><p role=\"status\" aria-live=\"polite\" aria-atomic=\"true\"><\/p> <ul><\/ul><\/div>\n<form action=\"\/index.php?rest_route=%2Fwp%2Fv2%2Fpages%2F2#wpcf7-f1644-o1\" method=\"post\" class=\"wpcf7-form init\" aria-label=\"Yhteydenottolomake\" novalidate=\"novalidate\" data-status=\"init\">\n<fieldset class=\"hidden-fields-container\"><input type=\"hidden\" name=\"_wpcf7\" value=\"1644\" \/><input type=\"hidden\" name=\"_wpcf7_version\" value=\"6.1.5\" \/><input type=\"hidden\" name=\"_wpcf7_locale\" value=\"fi\" \/><input type=\"hidden\" name=\"_wpcf7_unit_tag\" value=\"wpcf7-f1644-o1\" \/><input type=\"hidden\" name=\"_wpcf7_container_post\" value=\"0\" \/><input type=\"hidden\" name=\"_wpcf7_posted_data_hash\" value=\"\" \/>\n<\/fieldset>\n<p><label> Nimi<br \/>\n<span class=\"wpcf7-form-control-wrap\" data-name=\"nimi\"><input size=\"40\" maxlength=\"400\" class=\"wpcf7-form-control wpcf7-text wpcf7-validates-as-required\" aria-required=\"true\" aria-invalid=\"false\" value=\"\" type=\"text\" name=\"nimi\" \/><\/span> <\/label>\n<\/p>\n<p><label> Oppilaan nimi<br \/>\n<span class=\"wpcf7-form-control-wrap\" data-name=\"oppilaannimi\"><input size=\"40\" maxlength=\"400\" class=\"wpcf7-form-control wpcf7-text wpcf7-validates-as-required\" aria-required=\"true\" aria-invalid=\"false\" value=\"\" type=\"text\" name=\"oppilaannimi\" \/><\/span> <\/label>\n<\/p>\n<p><label> Osoite<br \/>\n<span class=\"wpcf7-form-control-wrap\" data-name=\"osoite\"><input size=\"40\" maxlength=\"400\" class=\"wpcf7-form-control wpcf7-text wpcf7-validates-as-required\" aria-required=\"true\" aria-invalid=\"false\" value=\"\" type=\"text\" name=\"osoite\" \/><\/span> <\/label>\n<\/p>\n<p><label> Yhteystiedot: puhelin tai s\u00e4hk\u00f6posti<br \/>\n<span class=\"wpcf7-form-control-wrap\" data-name=\"sahkopostipuh\"><input size=\"40\" maxlength=\"400\" class=\"wpcf7-form-control wpcf7-email wpcf7-validates-as-required wpcf7-text wpcf7-validates-as-email\" aria-required=\"true\" aria-invalid=\"false\" value=\"\" type=\"email\" name=\"sahkopostipuh\" \/><\/span> <\/label>\n<\/p>\n<p><label> Viesti<br \/>\n<span class=\"wpcf7-form-control-wrap\" data-name=\"viesti\"><textarea cols=\"40\" rows=\"10\" maxlength=\"2000\" class=\"wpcf7-form-control wpcf7-textarea\" aria-invalid=\"false\" name=\"viesti\"><\/textarea><\/span> <\/label>\n<\/p>\n<p><input class=\"wpcf7-form-control wpcf7-submit has-spinner\" type=\"submit\" value=\"L\u00e4het\u00e4 lomakkeen tiedot M.Niskanen Oy:lle\" \/>\n<\/p><div class=\"wpcf7-response-output\" aria-hidden=\"true\"><\/div>\n<\/form>\n<\/div>\n\r\n","protected":false},"excerpt":{"rendered":"<p>Iisalmen kaupungin koulukuljetuksetKeskustaajamakoulut Koulukuljetuksiin liittyv\u00e4t kysymykset sek\u00e4 palautteet pyyd\u00e4mme ensisijaisesti l\u00e4hett\u00e4m\u00e4\u00e4n alla olevan lomakkeen kautta. K\u00e4sittelemme kaikki palautteet muutaman arkip\u00e4iv\u00e4n kuluessa.\u00a0Voitte olla my\u00f6s puhelimitse yhteydess\u00e4 koulukuljetuksiin liittyviss\u00e4 asioissa koulup\u00e4ivisin klo 10:00 &#8211; 14:00 numeroon 050 478 6111 Kiireellisiss\u00e4 asioissa olkaa yhteydess\u00e4 suoraan kouluautoon.\u00a0 Puhelinnumerot kouluautoihin:Kouluauto 1 044 022 5100Kouluauto 2 0400 225 181Kouluauto 3 0400 225 076Kouluauto 4 0400 225 071Kouluauto 5 040 560 7125Kouluauto 6 040 584 3723Kouluauto 7 0400 225 062Kouluauto 8 044 719 1674<\/p>\n","protected":false},"author":1,"featured_media":0,"parent":0,"menu_order":0,"comment_status":"closed","ping_status":"closed","template":"","meta":{"footnotes":""},"class_list":["post-2","page","type-page","status-publish","hentry"],"_links":{"self":[{"href":"https:\/\/www.mniskanen.fi\/index.php?rest_route=\/wp\/v2\/pages\/2","targetHints":{"allow":["GET"]}}],"collection":[{"href":"https:\/\/www.mniskanen.fi\/index.php?rest_route=\/wp\/v2\/pages"}],"about":[{"href":"https:\/\/www.mniskanen.fi\/index.php?rest_route=\/wp\/v2\/types\/page"}],"author":[{"embeddable":true,"href":"https:\/\/www.mniskanen.fi\/index.php?rest_route=\/wp\/v2\/users\/1"}],"replies":[{"embeddable":true,"href":"https:\/\/www.mniskanen.fi\/index.php?rest_route=%2Fwp%2Fv2%2Fcomments&post=2"}],"version-history":[{"count":16,"href":"https:\/\/www.mniskanen.fi\/index.php?rest_route=\/wp\/v2\/pages\/2\/revisions"}],"predecessor-version":[{"id":1677,"href":"https:\/\/www.mniskanen.fi\/index.php?rest_route=\/wp\/v2\/pages\/2\/revisions\/1677"}],"wp:attachment":[{"href":"https:\/\/www.mniskanen.fi\/index.php?rest_route=%2Fwp%2Fv2%2Fmedia&parent=2"}],"curies":[{"name":"wp","href":"https:\/\/api.w.org\/{rel}","templated":true}]}}