{"id":1878,"date":"2026-03-24T12:30:45","date_gmt":"2026-03-24T12:30:45","guid":{"rendered":"https:\/\/www.mniskanen.fi\/?page_id=1878"},"modified":"2026-09-04T09:52:36","modified_gmt":"2026-09-04T09:52:36","slug":"matkat-2026","status":"publish","type":"page","link":"https:\/\/www.mniskanen.fi\/?page_id=1878","title":{"rendered":"Matkat 2026"},"content":{"rendered":"<h2><strong>Matkapakettimme loppuvuonna 2026<\/strong><\/h2>\n<p>&nbsp;<\/p>\n<p>Joulutorimatka Tallinnaan tai teatterimatka Varkauteen, klikkaa ja lue lis\u00e4\u00e4!<\/p>\n<h3><strong><a href=\"https:\/\/www.mniskanen.fi\/?page_id=2194\">Viikonloppumatka Joulutorille Tallinnaan<\/a><br \/>\n20.-22.11.2026 alk. 199\u20ac \/hl\u00f6<\/p>\n<p><\/strong><\/h3>\n<h3><strong><a href=\"https:\/\/www.mniskanen.fi\/?page_id=2182\">Teatterimatka Varkauden teatteriin &#8211; Joulupotkuri<\/a><br \/>\n4.12.2026 89\u20ac \/hl\u00f6<br \/>\n12.12.2026 89\u20ac \/hl\u00f6<\/strong><\/h3>\n<p>&nbsp;<\/p>\n<p>R\u00e4\u00e4t\u00e4l\u00f6imme my\u00f6s omalle ryhm\u00e4llesi juuri haluamanne matkan.<\/p>\n<h4><strong>Lis\u00e4tiedot ja ilmoittautumiset:<\/strong><\/h4>\n<p><a href=\"https:\/\/www.mniskanen.fi\/?page_id=1942\">Ilmoittaudu tai kysy lis\u00e4\u00e4 verkkolomakkeella (linkki)<\/a><br \/>\niisalmi@matkasavo.fi<br \/>\n040 741 8001<\/p>\n<p><img fetchpriority=\"high\" decoding=\"async\" class=\"aligncenter size-full wp-image-2179\" src=\"https:\/\/www.mniskanen.fi\/wp-content\/uploads\/2026\/09\/joulutori.jpeg\" alt=\"\" width=\"1920\" height=\"800\" srcset=\"https:\/\/www.mniskanen.fi\/wp-content\/uploads\/2026\/09\/joulutori.jpeg 1920w, https:\/\/www.mniskanen.fi\/wp-content\/uploads\/2026\/09\/joulutori-300x125.jpeg 300w, https:\/\/www.mniskanen.fi\/wp-content\/uploads\/2026\/09\/joulutori-1024x427.jpeg 1024w, https:\/\/www.mniskanen.fi\/wp-content\/uploads\/2026\/09\/joulutori-768x320.jpeg 768w, https:\/\/www.mniskanen.fi\/wp-content\/uploads\/2026\/09\/joulutori-1536x640.jpeg 1536w\" sizes=\"(max-width: 1920px) 100vw, 1920px\" \/><\/p>\n","protected":false},"excerpt":{"rendered":"<p>Matkapakettimme loppuvuonna 2026 &nbsp; Joulutorimatka Tallinnaan tai teatterimatka Varkauteen, klikkaa ja lue lis\u00e4\u00e4! Viikonloppumatka Joulutorille Tallinnaan 20.-22.11.2026 alk. 199\u20ac \/hl\u00f6 Teatterimatka Varkauden teatteriin &#8211; Joulupotkuri 4.12.2026 89\u20ac \/hl\u00f6 12.12.2026 89\u20ac \/hl\u00f6 &nbsp; R\u00e4\u00e4t\u00e4l\u00f6imme my\u00f6s omalle ryhm\u00e4llesi juuri haluamanne matkan. Lis\u00e4tiedot ja ilmoittautumiset: Ilmoittaudu tai kysy lis\u00e4\u00e4 verkkolomakkeella (linkki) iisalmi@matkasavo.fi 040 741 8001<\/p>\n","protected":false},"author":2,"featured_media":0,"parent":0,"menu_order":0,"comment_status":"closed","ping_status":"closed","template":"","meta":{"footnotes":""},"class_list":["post-1878","page","type-page","status-publish","hentry"],"_links":{"self":[{"href":"https:\/\/www.mniskanen.fi\/index.php?rest_route=\/wp\/v2\/pages\/1878","targetHints":{"allow":["GET"]}}],"collection":[{"href":"https:\/\/www.mniskanen.fi\/index.php?rest_route=\/wp\/v2\/pages"}],"about":[{"href":"https:\/\/www.mniskanen.fi\/index.php?rest_route=\/wp\/v2\/types\/page"}],"author":[{"embeddable":true,"href":"https:\/\/www.mniskanen.fi\/index.php?rest_route=\/wp\/v2\/users\/2"}],"replies":[{"embeddable":true,"href":"https:\/\/www.mniskanen.fi\/index.php?rest_route=%2Fwp%2Fv2%2Fcomments&post=1878"}],"version-history":[{"count":31,"href":"https:\/\/www.mniskanen.fi\/index.php?rest_route=\/wp\/v2\/pages\/1878\/revisions"}],"predecessor-version":[{"id":2197,"href":"https:\/\/www.mniskanen.fi\/index.php?rest_route=\/wp\/v2\/pages\/1878\/revisions\/2197"}],"wp:attachment":[{"href":"https:\/\/www.mniskanen.fi\/index.php?rest_route=%2Fwp%2Fv2%2Fmedia&parent=1878"}],"curies":[{"name":"wp","href":"https:\/\/api.w.org\/{rel}","templated":true}]}}

<h2><strong>Matkapakettimme loppuvuonna 2026</strong></h2>
<p>&nbsp;</p>
<p>Joulutorimatka Tallinnaan tai teatterimatka Varkauteen, klikkaa ja lue lisää!</p>
<h3><strong><a href="https://www.mniskanen.fi/?page_id=2194">Viikonloppumatka Joulutorille Tallinnaan</a><br />
20.-22.11.2026 alk. 199€ /hlö</p>
<p></strong></h3>
<h3><strong><a href="https://www.mniskanen.fi/?page_id=2182">Teatterimatka Varkauden teatteriin &#8211; Joulupotkuri</a><br />
4.12.2026 89€ /hlö<br />
12.12.2026 89€ /hlö</strong></h3>
<p>&nbsp;</p>
<p>Räätälöimme myös omalle ryhmällesi juuri haluamanne matkan.</p>
<h4><strong>Lisätiedot ja ilmoittautumiset:</strong></h4>
<p><a href="https://www.mniskanen.fi/?page_id=1942">Ilmoittaudu tai kysy lisää verkkolomakkeella (linkki)</a><br />
iisalmi@matkasavo.fi<br />
040 741 8001</p>
<p><img fetchpriority="high" decoding="async" class="aligncenter size-full wp-image-2179" src="https://www.mniskanen.fi/wp-content/uploads/2026/09/joulutori.jpeg" alt="" width="1920" height="800" srcset="https://www.mniskanen.fi/wp-content/uploads/2026/09/joulutori.jpeg 1920w, https://www.mniskanen.fi/wp-content/uploads/2026/09/joulutori-300x125.jpeg 300w, https://www.mniskanen.fi/wp-content/uploads/2026/09/joulutori-1024x427.jpeg 1024w, https://www.mniskanen.fi/wp-content/uploads/2026/09/joulutori-768x320.jpeg 768w, https://www.mniskanen.fi/wp-content/uploads/2026/09/joulutori-1536x640.jpeg 1536w" sizes="(max-width: 1920px) 100vw, 1920px" /></p>

<p>Matkapakettimme loppuvuonna 2026 &nbsp; Joulutorimatka Tallinnaan tai teatterimatka Varkauteen, klikkaa ja lue lisää! Viikonloppumatka Joulutorille Tallinnaan 20.-22.11.2026 alk. 199€ /hlö Teatterimatka Varkauden teatteriin &#8211; Joulupotkuri 4.12.2026 89€ /hlö 12.12.2026 89€ /hlö &nbsp; Räätälöimme myös omalle ryhmällesi juuri haluamanne matkan. Lisätiedot ja ilmoittautumiset: Ilmoittaudu tai kysy lisää verkkolomakkeella (linkki) iisalmi@matkasavo.fi 040 741 8001</p>
