{"id":1669,"date":"2024-08-01T11:10:40","date_gmt":"2024-08-01T11:10:40","guid":{"rendered":"https:\/\/www.mniskanen.fi\/?page_id=1669"},"modified":"2025-08-07T06:57:47","modified_gmt":"2025-08-07T06:57:47","slug":"iisalmi-joukkoliikennevuorot","status":"publish","type":"page","link":"https:\/\/www.mniskanen.fi\/?page_id=1669","title":{"rendered":"Joukkoliikennevuorot Iisalmi"},"content":{"rendered":"<h2>Liikenn\u00f6imme Iisalmen kaupungin avoimen joukkoliikenteen reittej\u00e4 2, 10 sek\u00e4 11.<br \/>\nReitit ajetaan koulup\u00e4ivisin.<\/h2>\n<p>&nbsp;<\/p>\n<p><img fetchpriority=\"high\" decoding=\"async\" class=\"aligncenter size-full wp-image-1665\" src=\"https:\/\/www.mniskanen.fi\/wp-content\/uploads\/2024\/08\/Reitti2.jpeg\" alt=\"\" width=\"1092\" height=\"599\" srcset=\"https:\/\/www.mniskanen.fi\/wp-content\/uploads\/2024\/08\/Reitti2.jpeg 1092w, https:\/\/www.mniskanen.fi\/wp-content\/uploads\/2024\/08\/Reitti2-300x165.jpeg 300w, https:\/\/www.mniskanen.fi\/wp-content\/uploads\/2024\/08\/Reitti2-1024x562.jpeg 1024w, https:\/\/www.mniskanen.fi\/wp-content\/uploads\/2024\/08\/Reitti2-768x421.jpeg 768w\" sizes=\"(max-width: 1092px) 100vw, 1092px\" \/><\/p>\n<p>&nbsp;<\/p>\n<p><img decoding=\"async\" class=\"aligncenter size-full wp-image-1666\" src=\"https:\/\/www.mniskanen.fi\/wp-content\/uploads\/2024\/08\/Reitti10.jpeg\" alt=\"\" width=\"917\" height=\"656\" srcset=\"https:\/\/www.mniskanen.fi\/wp-content\/uploads\/2024\/08\/Reitti10.jpeg 917w, https:\/\/www.mniskanen.fi\/wp-content\/uploads\/2024\/08\/Reitti10-300x215.jpeg 300w, https:\/\/www.mniskanen.fi\/wp-content\/uploads\/2024\/08\/Reitti10-768x549.jpeg 768w\" sizes=\"(max-width: 917px) 100vw, 917px\" \/><\/p>\n<p>&nbsp;<\/p>\n<p><img decoding=\"async\" class=\"aligncenter size-full wp-image-1667\" src=\"https:\/\/www.mniskanen.fi\/wp-content\/uploads\/2024\/08\/Reitti11.jpeg\" alt=\"\" width=\"882\" height=\"641\" srcset=\"https:\/\/www.mniskanen.fi\/wp-content\/uploads\/2024\/08\/Reitti11.jpeg 882w, https:\/\/www.mniskanen.fi\/wp-content\/uploads\/2024\/08\/Reitti11-300x218.jpeg 300w, https:\/\/www.mniskanen.fi\/wp-content\/uploads\/2024\/08\/Reitti11-768x558.jpeg 768w\" sizes=\"(max-width: 882px) 100vw, 882px\" \/><\/p>\n","protected":false},"excerpt":{"rendered":"<p>Liikenn\u00f6imme Iisalmen kaupungin avoimen joukkoliikenteen reittej\u00e4 2, 10 sek\u00e4 11. Reitit ajetaan koulup\u00e4ivisin. &nbsp; &nbsp; &nbsp;<\/p>\n","protected":false},"author":2,"featured_media":0,"parent":0,"menu_order":0,"comment_status":"closed","ping_status":"closed","template":"","meta":{"footnotes":""},"class_list":["post-1669","page","type-page","status-publish","hentry"],"_links":{"self":[{"href":"https:\/\/www.mniskanen.fi\/index.php?rest_route=\/wp\/v2\/pages\/1669","targetHints":{"allow":["GET"]}}],"collection":[{"href":"https:\/\/www.mniskanen.fi\/index.php?rest_route=\/wp\/v2\/pages"}],"about":[{"href":"https:\/\/www.mniskanen.fi\/index.php?rest_route=\/wp\/v2\/types\/page"}],"author":[{"embeddable":true,"href":"https:\/\/www.mniskanen.fi\/index.php?rest_route=\/wp\/v2\/users\/2"}],"replies":[{"embeddable":true,"href":"https:\/\/www.mniskanen.fi\/index.php?rest_route=%2Fwp%2Fv2%2Fcomments&post=1669"}],"version-history":[{"count":4,"href":"https:\/\/www.mniskanen.fi\/index.php?rest_route=\/wp\/v2\/pages\/1669\/revisions"}],"predecessor-version":[{"id":1816,"href":"https:\/\/www.mniskanen.fi\/index.php?rest_route=\/wp\/v2\/pages\/1669\/revisions\/1816"}],"wp:attachment":[{"href":"https:\/\/www.mniskanen.fi\/index.php?rest_route=%2Fwp%2Fv2%2Fmedia&parent=1669"}],"curies":[{"name":"wp","href":"https:\/\/api.w.org\/{rel}","templated":true}]}}