{"id":1394,"date":"2024-04-24T09:04:59","date_gmt":"2024-04-24T09:04:59","guid":{"rendered":"https:\/\/www.mniskanen.fi\/?page_id=1394"},"modified":"2025-08-07T07:21:00","modified_gmt":"2025-08-07T07:21:00","slug":"ryhmamatkat","status":"publish","type":"page","link":"https:\/\/www.mniskanen.fi\/?page_id=1394","title":{"rendered":"Ryhm\u00e4matkat"},"content":{"rendered":"\t\t<div data-elementor-type=\"wp-page\" data-elementor-id=\"1394\" class=\"elementor elementor-1394\">\n\t\t\t\t\t\t<section class=\"elementor-section elementor-top-section elementor-element elementor-element-7c41f23 elementor-section-boxed elementor-section-height-default elementor-section-height-default\" data-id=\"7c41f23\" data-element_type=\"section\" data-e-type=\"section\">\n\t\t\t\t\t\t<div class=\"elementor-container elementor-column-gap-default\">\n\t\t\t\t\t<div class=\"elementor-column elementor-col-66 elementor-top-column elementor-element elementor-element-213bb90\" data-id=\"213bb90\" data-element_type=\"column\" data-e-type=\"column\">\n\t\t\t<div class=\"elementor-widget-wrap elementor-element-populated\">\n\t\t\t\t\t\t<div class=\"elementor-element elementor-element-998dd3c elementor-widget elementor-widget-text-editor\" data-id=\"998dd3c\" data-element_type=\"widget\" data-e-type=\"widget\" data-widget_type=\"text-editor.default\">\n\t\t\t\t<div class=\"elementor-widget-container\">\n\t\t\t\t\t\t\t\t\t<h2>Bussimatkat kotimaahan, Pohjoismaihin ja muualle Eurooppaan!<\/h2>\n<p>MatkaSavo on Iisalmessa toimiva v. 2012 perustettu yksityinen matkanj\u00e4rjest\u00e4j\u00e4. MatkaSavo palvelee <strong>ryhmi\u00e4<\/strong> r\u00e4\u00e4t\u00e4l\u00f6idyin matkapaketein, ryhm\u00e4n toiveiden ja tarpeiden mukaan. Teemme kaikkemme, jotta matkasi meid\u00e4n j\u00e4rjest\u00e4m\u00e4n\u00e4 olisi ikimuistoinen kokemus sinulle ja ryhm\u00e4llesi.<\/p>\n<p>Voit olla yhteydess\u00e4 meihin, mik\u00e4li sinulla on kasassa pienempikin ryhm\u00e4. R\u00e4\u00e4t\u00e4l\u00f6id\u00e4\u00e4n matkasta juuri Teille mieluinen.<\/p>\n<p>Mika K. Niskanen Oy \/ MatkaSavo on Kuluttajavirastoon rekister\u00f6itynyt vakuuden antanut Matkanj\u00e4rjest\u00e4j\u00e4 ja Matkanv\u00e4litt\u00e4j\u00e4 (4011\/03\/MjMv).<\/p>\t\t\t\t\t\t\t\t<\/div>\n\t\t\t\t<\/div>\n\t\t\t\t\t<\/div>\n\t\t<\/div>\n\t\t\t\t<div class=\"elementor-column elementor-col-33 elementor-top-column elementor-element elementor-element-4ce9d2e\" data-id=\"4ce9d2e\" data-element_type=\"column\" data-e-type=\"column\">\n\t\t\t<div class=\"elementor-widget-wrap elementor-element-populated\">\n\t\t\t\t\t\t<div class=\"elementor-element elementor-element-c56ef2d elementor-widget elementor-widget-image\" data-id=\"c56ef2d\" data-element_type=\"widget\" data-e-type=\"widget\" data-widget_type=\"image.default\">\n\t\t\t\t<div class=\"elementor-widget-container\">\n\t\t\t\t\t\t\t\t\t\t\t\t\t\t\t<img fetchpriority=\"high\" decoding=\"async\" width=\"800\" height=\"450\" src=\"https:\/\/www.mniskanen.fi\/wp-content\/uploads\/2024\/04\/kuva13.jpg\" class=\"attachment-large size-large wp-image-1479\" alt=\"\" srcset=\"https:\/\/www.mniskanen.fi\/wp-content\/uploads\/2024\/04\/kuva13.jpg 800w, https:\/\/www.mniskanen.fi\/wp-content\/uploads\/2024\/04\/kuva13-300x169.jpg 300w, https:\/\/www.mniskanen.fi\/wp-content\/uploads\/2024\/04\/kuva13-768x432.jpg 768w\" sizes=\"(max-width: 800px) 100vw, 800px\" \/>\t\t\t\t\t\t\t\t\t\t\t\t\t\t\t<\/div>\n\t\t\t\t<\/div>\n\t\t\t\t<div class=\"elementor-element elementor-element-af222d0 elementor-widget elementor-widget-image\" data-id=\"af222d0\" data-element_type=\"widget\" data-e-type=\"widget\" data-widget_type=\"image.default\">\n\t\t\t\t<div class=\"elementor-widget-container\">\n\t\t\t\t\t\t\t\t\t\t\t\t\t\t\t<img decoding=\"async\" width=\"640\" height=\"480\" src=\"https:\/\/www.mniskanen.fi\/wp-content\/uploads\/2024\/04\/kuva6.jpg\" class=\"attachment-large size-large wp-image-1472\" alt=\"\" srcset=\"https:\/\/www.mniskanen.fi\/wp-content\/uploads\/2024\/04\/kuva6.jpg 640w, https:\/\/www.mniskanen.fi\/wp-content\/uploads\/2024\/04\/kuva6-300x225.jpg 300w, https:\/\/www.mniskanen.fi\/wp-content\/uploads\/2024\/04\/kuva6-500x375.jpg 500w\" sizes=\"(max-width: 640px) 100vw, 640px\" \/>\t\t\t\t\t\t\t\t\t\t\t\t\t\t\t<\/div>\n\t\t\t\t<\/div>\n\t\t\t\t\t<\/div>\n\t\t<\/div>\n\t\t\t\t\t<\/div>\n\t\t<\/section>\n\t\t\t\t<\/div>\n\t\t","protected":false},"excerpt":{"rendered":"<p>Bussimatkat kotimaahan, Pohjoismaihin ja muualle Eurooppaan! MatkaSavo on Iisalmessa toimiva v. 2012 perustettu yksityinen matkanj\u00e4rjest\u00e4j\u00e4. MatkaSavo palvelee ryhmi\u00e4 r\u00e4\u00e4t\u00e4l\u00f6idyin matkapaketein, ryhm\u00e4n toiveiden ja tarpeiden mukaan. Teemme kaikkemme, jotta matkasi meid\u00e4n j\u00e4rjest\u00e4m\u00e4n\u00e4 olisi ikimuistoinen kokemus sinulle ja ryhm\u00e4llesi. Voit olla yhteydess\u00e4 meihin, mik\u00e4li sinulla on kasassa pienempikin ryhm\u00e4. R\u00e4\u00e4t\u00e4l\u00f6id\u00e4\u00e4n matkasta juuri Teille mieluinen. Mika K. Niskanen Oy \/ MatkaSavo on Kuluttajavirastoon rekister\u00f6itynyt vakuuden antanut Matkanj\u00e4rjest\u00e4j\u00e4 ja Matkanv\u00e4litt\u00e4j\u00e4 (4011\/03\/MjMv).<\/p>\n","protected":false},"author":2,"featured_media":0,"parent":0,"menu_order":0,"comment_status":"closed","ping_status":"closed","template":"","meta":{"footnotes":""},"class_list":["post-1394","page","type-page","status-publish","hentry"],"_links":{"self":[{"href":"https:\/\/www.mniskanen.fi\/index.php?rest_route=\/wp\/v2\/pages\/1394","targetHints":{"allow":["GET"]}}],"collection":[{"href":"https:\/\/www.mniskanen.fi\/index.php?rest_route=\/wp\/v2\/pages"}],"about":[{"href":"https:\/\/www.mniskanen.fi\/index.php?rest_route=\/wp\/v2\/types\/page"}],"author":[{"embeddable":true,"href":"https:\/\/www.mniskanen.fi\/index.php?rest_route=\/wp\/v2\/users\/2"}],"replies":[{"embeddable":true,"href":"https:\/\/www.mniskanen.fi\/index.php?rest_route=%2Fwp%2Fv2%2Fcomments&post=1394"}],"version-history":[{"count":17,"href":"https:\/\/www.mniskanen.fi\/index.php?rest_route=\/wp\/v2\/pages\/1394\/revisions"}],"predecessor-version":[{"id":1827,"href":"https:\/\/www.mniskanen.fi\/index.php?rest_route=\/wp\/v2\/pages\/1394\/revisions\/1827"}],"wp:attachment":[{"href":"https:\/\/www.mniskanen.fi\/index.php?rest_route=%2Fwp%2Fv2%2Fmedia&parent=1394"}],"curies":[{"name":"wp","href":"https:\/\/api.w.org\/{rel}","templated":true}]}}

Ryhmämatkat

<div data-elementor-type="wp-page" data-elementor-id="1394" class="elementor elementor-1394">
						<section class="elementor-section elementor-top-section elementor-element elementor-element-7c41f23 elementor-section-boxed elementor-section-height-default elementor-section-height-default" data-id="7c41f23" data-element_type="section" data-e-type="section">
						<div class="elementor-container elementor-column-gap-default">
					<div class="elementor-column elementor-col-66 elementor-top-column elementor-element elementor-element-213bb90" data-id="213bb90" data-element_type="column" data-e-type="column">
			<div class="elementor-widget-wrap elementor-element-populated">
						<div class="elementor-element elementor-element-998dd3c elementor-widget elementor-widget-text-editor" data-id="998dd3c" data-element_type="widget" data-e-type="widget" data-widget_type="text-editor.default">
				<div class="elementor-widget-container">
									<h2>Bussimatkat kotimaahan, Pohjoismaihin ja muualle Eurooppaan!</h2>
<p>MatkaSavo on Iisalmessa toimiva v. 2012 perustettu yksityinen matkanjärjestäjä. MatkaSavo palvelee <strong>ryhmiä</strong> räätälöidyin matkapaketein, ryhmän toiveiden ja tarpeiden mukaan. Teemme kaikkemme, jotta matkasi meidän järjestämänä olisi ikimuistoinen kokemus sinulle ja ryhmällesi.</p>
<p>Voit olla yhteydessä meihin, mikäli sinulla on kasassa pienempikin ryhmä. Räätälöidään matkasta juuri Teille mieluinen.</p>
<p>Mika K. Niskanen Oy / MatkaSavo on Kuluttajavirastoon rekisteröitynyt vakuuden antanut Matkanjärjestäjä ja Matkanvälittäjä (4011/03/MjMv).</p>								</div>
				</div>
					</div>
		</div>
				<div class="elementor-column elementor-col-33 elementor-top-column elementor-element elementor-element-4ce9d2e" data-id="4ce9d2e" data-element_type="column" data-e-type="column">
			<div class="elementor-widget-wrap elementor-element-populated">
						<div class="elementor-element elementor-element-c56ef2d elementor-widget elementor-widget-image" data-id="c56ef2d" data-element_type="widget" data-e-type="widget" data-widget_type="image.default">
				<div class="elementor-widget-container">
															<img fetchpriority="high" decoding="async" width="800" height="450" src="https://www.mniskanen.fi/wp-content/uploads/2024/04/kuva13.jpg" class="attachment-large size-large wp-image-1479" alt="" srcset="https://www.mniskanen.fi/wp-content/uploads/2024/04/kuva13.jpg 800w, https://www.mniskanen.fi/wp-content/uploads/2024/04/kuva13-300x169.jpg 300w, https://www.mniskanen.fi/wp-content/uploads/2024/04/kuva13-768x432.jpg 768w" sizes="(max-width: 800px) 100vw, 800px" />															</div>
				</div>
				<div class="elementor-element elementor-element-af222d0 elementor-widget elementor-widget-image" data-id="af222d0" data-element_type="widget" data-e-type="widget" data-widget_type="image.default">
				<div class="elementor-widget-container">
															<img decoding="async" width="640" height="480" src="https://www.mniskanen.fi/wp-content/uploads/2024/04/kuva6.jpg" class="attachment-large size-large wp-image-1472" alt="" srcset="https://www.mniskanen.fi/wp-content/uploads/2024/04/kuva6.jpg 640w, https://www.mniskanen.fi/wp-content/uploads/2024/04/kuva6-300x225.jpg 300w, https://www.mniskanen.fi/wp-content/uploads/2024/04/kuva6-500x375.jpg 500w" sizes="(max-width: 640px) 100vw, 640px" />															</div>
				</div>
					</div>
		</div>
					</div>
		</section>
				</div>

<p>Bussimatkat kotimaahan, Pohjoismaihin ja muualle Eurooppaan! MatkaSavo on Iisalmessa toimiva v. 2012 perustettu yksityinen matkanjärjestäjä. MatkaSavo palvelee ryhmiä räätälöidyin matkapaketein, ryhmän toiveiden ja tarpeiden mukaan. Teemme kaikkemme, jotta matkasi meidän järjestämänä olisi ikimuistoinen kokemus sinulle ja ryhmällesi. Voit olla yhteydessä meihin, mikäli sinulla on kasassa pienempikin ryhmä. Räätälöidään matkasta juuri Teille mieluinen. Mika K. Niskanen Oy / MatkaSavo on Kuluttajavirastoon rekisteröitynyt vakuuden antanut Matkanjärjestäjä ja Matkanvälittäjä (4011/03/MjMv).</p>
